l(w) = -51*w + 239. What is the remainder when 38 is divided by l(4)?
3
Suppose 4*k + 28 = 4*b + 3*k, 0 = -3*b - 3*k + 36. Let i = b - -8. Calculate the remainder when 60 is divided by i.
12
Suppose -4*h - 7*h + 462 = 0. Calculate the remainder when 120 is divided by h.
36
Let u = 28 - 31. Let k = 30 - u. What is the remainder when k is divided by 9?
6
Let n = 431 - 257. Let m = 186 - n. Let f(q) = 6*q - 8. Calculate the remainder when f(7) is divided by m.
10
Suppose -20*j - 116 = -16*j. Let x = j + 42. Let s = 144 - 96. What is the remainder when s is divided by x?
9
Let k = -261 - -363. What is the remainder when k is divided by 52?
50
Suppose j - 30 = 5*f - 5, -28 = 2*f - 4*j. Let n = f + 17. What is the remainder when 48 is divided by n?
9
Let y be 4/(12/9)*(-16)/(-12). Calculate the remainder when 9*y/(24/74) is divided by 38.
35
Let z = 1858 - 1710. What is the remainder when z is divided by 40?
28
Let v(d) = 3*d + 7. Calculate the remainder when v(6) is divided by 16.
9
Suppose 0 = -4*n + 4*i + 68, 0 = -n - 4*i + 10 + 22. Suppose 37*f - 5096 = -25*f + 10*f. What is the remainder when f is divided by n?
18
Suppose -17*t + 599 = -319. Suppose -81 = -5*d - 26. What is the remainder when t is divided by d?
10
Suppose 4*x - 11 = -p, -4*p + 25 = 5*x - 8. Suppose 16*l = p*l + 522. Calculate the remainder when 229 is divided by l.
55
Let v(n) = -9*n**2 + 3*n - 4. Let d be v(3). Suppose -354*j + 350*j - 24 = 0. What is the remainder when j/(2*4/d) is divided by 10?
7
Let o be (-2)/(-11) - (-225)/33. Let g = -31 + o. Let b = g - -36. What is the remainder when 47 is divided by b?
11
Suppose 2*p = -4*j - 2*p + 16, -2 = 4*j - 5*p. Suppose -78 = -4*i - 2*d, 0 = 3*i - j*d - 10 - 45. Calculate the remainder when i is divided by (2 + 0)*(2 + 0).
3
Suppose 5*t + 3*c - 159 = 397, 0 = 4*t + 2*c - 444. Let d = t - 77. What is the remainder when d is divided by 12?
9
Suppose 4*v + 28*z - 31*z = 3824, 4*v + 4*z = 3824. What is the remainder when v is divided by 48?
44
Let b(g) = 12*g**2 + g + 3*g - g - 14 + 0*g. Let v(d) = 4*d**2 + d - 5. Let h(s) = 3*b(s) - 8*v(s). What is the remainder when 46 is divided by h(-2)?
10
Let z(b) = b + 16. Let m be z(-16). Suppose m = -y - 2*y + 135. What is the remainder when y is divided by -1*(-3)/(-3)*-23?
22
Let i be (0 - 2 - -56)*(-15 - -16). Let z = 6 + 15. Suppose i + z = 5*n. Calculate the remainder when n is divided by 4.
3
Suppose 0 = -p + 5*j + 15, -3*p - j - j = 23. Let o(d) = -2*d + 11. Suppose k = -4*c + 49, -3*k + 8 = c - 18. What is the remainder when o(p) is divided by c?
10
Suppose 6 = -2*k, -i - k + 22 = -6*k. What is the remainder when (15/(-10))/(6/(-44)) is divided by i?
4
Let b be (-3 - (2 - -5)) + -2. Let d = -67 + 96. Calculate the remainder when (4 + -1)*(-224)/b is divided by d.
27
Suppose -a + 6 = -3*l, -2*a + 4 - 2 = 4*l. Let w = 98 + l. Calculate the remainder when w is divided by 11.
9
Let d(u) = -3*u**2 - 41*u - 16. Calculate the remainder when d(-5) is divided by 10.
4
Let h be 6/15 + 52/20. Let j(z) = 10*z + 6 + 13 + 2*z**2 - h + 4. Calculate the remainder when j(-7) is divided by 17.
14
Suppose -4*s = -69*u + 70*u - 33, -u = -5. Let p be 1/2 - 4/8. Suppose -5*w + 2*w + 12 = p. Calculate the remainder when s is divided by w.
3
Suppose -3*g = -j - 243, 2*g - 4*j + 87 - 259 = 0. What is the remainder when 146 is divided by g?
66
Let a be (-106)/4 + (-3)/(-6). Let k = a + 93. Calculate the remainder when k is divided by ((-23)/(-4))/((-168)/(-672)).
21
Let q(i) = -1. Let z(n) = -4*n**2 - 1. Let d(f) = 2*q(f) - z(f). Let s be d(1). Calculate the remainder when 41 is divided by (2*8 - s) + 1.
13
Let p = -68 + 199. What is the remainder when p is divided by 45?
41
Suppose 0 = -13*i + 3*i. Suppose i = -4*j + 11 + 29. Suppose 0*m + 2*m = 6. What is the remainder when j is divided by m?
1
Let t be 6/45 - (-2096)/30. Suppose -4*l + 4*c + t = l, c = l - 13. Suppose 0*h - h + 11 = 0. What is the remainder when l is divided by h?
7
Suppose -6*u = -168 + 66. Calculate the remainder when (1 + -29)*(-14)/8 is divided by u.
15
Suppose 0 = 9*q - 53*q + 8888. What is the remainder when q is divided by 21?
13
Suppose -6*h = -h - 215. Calculate the remainder when h is divided by 18*(8 + (-45)/6).
7
What is the remainder when -2*(162/(-4) - 1) is divided by (-28)/(-10)*(-60)/(-8)?
20
Let b be (-3 + (-40)/(-15))*-6. Suppose -b*v = 0, 4*g - 3*v = -0*v - 140. Let t = -27 - g. What is the remainder when 45 is divided by t?
5
Let k(i) = -3*i - 4. What is the remainder when (1 + 1)/(220/3190) is divided by k(-5)?
7
Suppose 4*h + 3*m = -15, 4*m - 4 = -24. Calculate the remainder when 196/(1 + h + 1) is divided by 25.
23
Suppose 27*m = -22*m + 19600. Calculate the remainder when m is divided by 29.
23
What is the remainder when -9 + 458 + 70/(-10) is divided by 139?
25
Let v = 6 - -3. Let w = 12 - 1. Suppose w + 14 = 5*m. What is the remainder when v is divided by m?
4
Let o = 52 - 39. Calculate the remainder when o is divided by -3*(2 - (56/12 + -1)).
3
Suppose 2 = u - 5. Suppose 7 = x - u. Let o(s) = -s**3 + 9*s**2 - 11. Calculate the remainder when o(8) is divided by x.
11
Let r be 15*(15/9 + -2). Let m(u) = -u**2 - 6*u - 3. Let h be m(r). Calculate the remainder when (-2 - -1) + 24 + h is divided by 13.
12
Suppose -2*m = -8, 2*m + 0 = -2*x + 22. Let f be 3*-3*28/6. Let s = f + 59. What is the remainder when s is divided by x?
3
Let l(r) be the third derivative of r**4/12 - 4*r**3/3 + 2*r**2. Calculate the remainder when (-55)/10*-1*4 is divided by l(8).
6
Let d(s) = s - 15. Let t be d(18). Calculate the remainder when -1*-1*(t + 34) is divided by 20.
17
Suppose 5*b - 80 = b. Let r(h) = -h**2 - 40*h - 254. What is the remainder when r(-29) is divided by b?
5
What is the remainder when -8*(-5 - (1 - -2)) is divided by 22?
20
Suppose 4*j + 406 = -2*d + 7*d, 3*d - 410 = 4*j. Let k = j - -211. What is the remainder when k is divided by 28?
23
Let p(l) = -14*l - 165. What is the remainder when 65 is divided by p(-13)?
14
Suppose -29 = 8*g + 43. Calculate the remainder when 237/g*(-2 - 1) is divided by 20.
19
Suppose 7*i - 2*i = 850. What is the remainder when i is divided by 58?
54
Suppose -5*b + 7 = -3. Suppose -10*o + b*o + 136 = 0. What is the remainder when 65 is divided by o?
14
Let o be 8/(-20)*(1 - -14). Let t(a) = a**2 + 5*a + 6. Let f = -12 + 56. What is the remainder when f is divided by t(o)?
8
Suppose 60 = 2*w - 3*j, 5 = 3*j - 1. Let x(c) = 3*c**3 - 4*c**2 + 3*c - 2. What is the remainder when w is divided by x(2)?
9
Suppose -251 + 103 = -4*g. Calculate the remainder when 56 is divided by g.
19
Let s(y) = y**3 - 3*y**2 - 4*y. Let n be s(3). Let m be (-1)/((-3)/n) - -9. Suppose -317 = -m*u + 8. What is the remainder when u is divided by 33?
32
Let n(z) = 25*z + 357. What is the remainder when 226 is divided by n(-12)?
55
Suppose 4*u - 140 + 20 = 3*w, -4*w = -2*u + 50. What is the remainder when 144 is divided by u?
12
Let c = 9 + 23. What is the remainder when 112 is divided by c?
16
Let n(i) = i**3 - 16*i**2 + 17*i + 12. Calculate the remainder when 124 is divided by n(15).
40
Let n = -11 - -80. Calculate the remainder when n is divided by 37.
32
What is the remainder when 4*(-2 + (-1625)/(-20)) is divided by 8?
5
Suppose 0 = -2*v + n + 21, 0*v - 5*v - 2*n + 57 = 0. Let r(q) = 2*q - 2. Let a be r(-6). Let t = a + 20. What is the remainder when v is divided by t?
5
Suppose 0 = -5*t + 18 - 3. Suppose t*x = -x. What is the remainder when 10 is divided by x + 1 - 28/(-14)?
1
Calculate the remainder when 16/6*(-8)/((-112)/357) is divided by 7.
5
Suppose 0 = 9*i - 20*i + 913. Calculate the remainder when i is divided by 22.
17
Suppose -18*z - 5*i = -20*z + 153, 0 = -5*z - 4*i + 333. Calculate the remainder when 344 is divided by z.
68
Let z = 24 - 8. Calculate the remainder when 41 is divided by z.
9
Let s = 8 + -9. What is the remainder when 6 is divided by -1 + (6 - 4 - s)?
0
Calculate the remainder when (-7)/(7/(-54)) + 1 is divided by 102/12 - (-1)/(-2).
7
Let p(r) = -10 + 23 - 2*r + 3*r + 8. Calculate the remainder when p(-13) is divided by 3.
2
Let w be 48/(-5)*(-10)/(-3). What is the remainder when 6 is divided by (w/20)/((-4)/10)?
2
Let u(q) = -15*q - 9. Let l be u(5). Calculate the remainder when (-598)